{"id":195,"date":"2025-03-29T16:59:51","date_gmt":"2025-03-29T16:59:51","guid":{"rendered":"https:\/\/www.leichtathletik-baltmannsweiler.de\/?page_id=195"},"modified":"2025-03-29T18:35:36","modified_gmt":"2025-03-29T18:35:36","slug":"michelbergiade-2025-geislingen","status":"publish","type":"page","link":"https:\/\/www.leichtathletik-baltmannsweiler.de\/?page_id=195","title":{"rendered":"Michelbergiade 2025 Geislingen"},"content":{"rendered":"<div  data-label=\"Content\" data-id=\"content--1\" data-export-id=\"content-7\" data-category=\"content\" class=\"content-7 content-section content-section-spacing\" id=\"content-1\" style=\"background-color: rgb(255, 255, 255);\"><div  class=\"gridContainer\"> <div  class=\"row middle-sm\"><div  class=\"col-sm-6 space-bottom-xs\" data-type=\"column\"> <h2  class=\"\"><span  style=\"font-weight: 400;\">TSV-Leichtathleten starten bei der Michelbergiade in Geislingen<\/span><\/h2> <p  class=\"\">Am <span  style=\"font-weight: 700;\">23. M\u00e4rz 2025 <\/span>nahmen insgesamt elf Leichtathletinnen und Leichtathleten des TSV Baltmannsweiler an der Michelbergiade in Geislingen teil. Der Wettkampf, der von der LG Geislingen und dem F\u00f6rderverein Filstal organisiert wurde, feierte in diesem Jahr sein 35-j\u00e4hriges Jubil\u00e4um.\n<br ><br >\nAlle Athletinnen und Athleten absolvierten einen Hallenvierkampf, bestehend aus Kastenweitsprung, H\u00fcrdensprint, Geschicklichkeitslauf und Medizinballweitsto\u00df. F\u00fcr die U14-Teilnehmer*innen wurden die Disziplinen leicht angepasst: Sie traten im Raketenweitwurf, Dreier-Hopp und an Klapph\u00fcrden als Hindernisvariante an.<br >\nDie Delegation des TSV Baltmannsweiler hinterlie\u00df in Geislingen einen gewohnt starken Eindruck und sicherte sich in allen Altersklassen hervorragende Platzierungen.\n<br ><br ><br >\n\u2022 Luisa Hieber erreichte bei den W11 einen herausragenden zweiten Platz.<br >\n\u2022 Mats Bender belegte bei den M11 einen starken dritten Platz.<br >\n\u2022 Nils M\u00fcller fehlte am Ende nur ein Punkt zum Podest \u2013 er wurde Vierter.<br >\n\u2022 In der Mannschaftswertung W10\/W11 belegte das Team mit Emilia Lang, Luisa Hieber, Lotta Wachendorfer und Luna Gerring einen tollen dritten Platz.\n<br ><br ><br >\nEin herzliches Dankesch\u00f6n geht an alle mitgereisten Eltern und Fans f\u00fcr ihre gro\u00dfartige Unterst\u00fctzung!<br >\n\n<br ><br >In Geislingen mit dabei waren:<br >\nEmilia Lang, Luisa Hieber, Lotta Wachendorfer, Luna Gerring, Philine Maier, Tom M\u00fcller, Henri Ruf, Aulon Aliu, Matti Hees, Mats Bender und Nils M\u00fcller.<\/p> <a  class=\"button color1\" href=\"https:\/\/www.leichtathletik-baltmannsweiler.de\" target=\"_self\" data-cp-link=\"1\" data-icon=\"\">Zur\u00fcck<\/a><\/div> <div  class=\"col-sm-6\" data-type=\"column\"> <img  decoding=\"async\" class=\"shadow-large\" src=\"https:\/\/www.leichtathletik-baltmannsweiler.de\/wp-content\/uploads\/2025\/03\/cropped-TeamTSVBGeislingen1.jpg\" title=\"cropped-TeamTSVBGeislingen1.jpg\" alt=\"\"><img  decoding=\"async\" class=\"custom-image\" src=\"https:\/\/www.leichtathletik-baltmannsweiler.de\/wp-content\/uploads\/2025\/03\/cropped-cropped-TeamTSVBGeislingen2.jpg\" title=\"cropped-cropped-TeamTSVBGeislingen2.jpg\" alt=\"\"><\/div> <\/div><\/div> <\/div>","protected":false},"excerpt":{"rendered":"<p>TSV-Leichtathleten starten bei der Michelbergiade in Geislingen Am 23. M\u00e4rz 2025 nahmen insgesamt elf Leichtathletinnen und Leichtathleten des TSV Baltmannsweiler an der Michelbergiade in Geislingen teil. Der Wettkampf, der von der LG Geislingen und dem F\u00f6rderverein Filstal organisiert wurde, feierte in diesem Jahr sein 35-j\u00e4hriges Jubil\u00e4um. Alle Athletinnen und Athleten absolvierten einen Hallenvierkampf, bestehend aus&hellip; <br \/> <a class=\"read-more\" href=\"https:\/\/www.leichtathletik-baltmannsweiler.de\/?page_id=195\">Read more<\/a><\/p>\n","protected":false},"author":1,"featured_media":0,"parent":6,"menu_order":0,"comment_status":"closed","ping_status":"closed","template":"pro\/page-templates\/full-width-page.php","meta":{"footnotes":""},"class_list":["post-195","page","type-page","status-publish","hentry"],"_links":{"self":[{"href":"https:\/\/www.leichtathletik-baltmannsweiler.de\/index.php?rest_route=\/wp\/v2\/pages\/195","targetHints":{"allow":["GET"]}}],"collection":[{"href":"https:\/\/www.leichtathletik-baltmannsweiler.de\/index.php?rest_route=\/wp\/v2\/pages"}],"about":[{"href":"https:\/\/www.leichtathletik-baltmannsweiler.de\/index.php?rest_route=\/wp\/v2\/types\/page"}],"author":[{"embeddable":true,"href":"https:\/\/www.leichtathletik-baltmannsweiler.de\/index.php?rest_route=\/wp\/v2\/users\/1"}],"replies":[{"embeddable":true,"href":"https:\/\/www.leichtathletik-baltmannsweiler.de\/index.php?rest_route=%2Fwp%2Fv2%2Fcomments&post=195"}],"version-history":[{"count":4,"href":"https:\/\/www.leichtathletik-baltmannsweiler.de\/index.php?rest_route=\/wp\/v2\/pages\/195\/revisions"}],"predecessor-version":[{"id":210,"href":"https:\/\/www.leichtathletik-baltmannsweiler.de\/index.php?rest_route=\/wp\/v2\/pages\/195\/revisions\/210"}],"up":[{"embeddable":true,"href":"https:\/\/www.leichtathletik-baltmannsweiler.de\/index.php?rest_route=\/wp\/v2\/pages\/6"}],"wp:attachment":[{"href":"https:\/\/www.leichtathletik-baltmannsweiler.de\/index.php?rest_route=%2Fwp%2Fv2%2Fmedia&parent=195"}],"curies":[{"name":"wp","href":"https:\/\/api.w.org\/{rel}","templated":true}]}}

<div  data-label="Content" data-id="content--1" data-export-id="content-7" data-category="content" class="content-7 content-section content-section-spacing" id="content-1" style="background-color: rgb(255, 255, 255);"><div  class="gridContainer"> <div  class="row middle-sm"><div  class="col-sm-6 space-bottom-xs" data-type="column"> <h2  class=""><span  style="font-weight: 400;">TSV-Leichtathleten starten bei der Michelbergiade in Geislingen</span></h2> <p  class="">Am <span  style="font-weight: 700;">23. März 2025 </span>nahmen insgesamt elf Leichtathletinnen und Leichtathleten des TSV Baltmannsweiler an der Michelbergiade in Geislingen teil. Der Wettkampf, der von der LG Geislingen und dem Förderverein Filstal organisiert wurde, feierte in diesem Jahr sein 35-jähriges Jubiläum.
<br ><br >
Alle Athletinnen und Athleten absolvierten einen Hallenvierkampf, bestehend aus Kastenweitsprung, Hürdensprint, Geschicklichkeitslauf und Medizinballweitstoß. Für die U14-Teilnehmer*innen wurden die Disziplinen leicht angepasst: Sie traten im Raketenweitwurf, Dreier-Hopp und an Klapphürden als Hindernisvariante an.<br >
Die Delegation des TSV Baltmannsweiler hinterließ in Geislingen einen gewohnt starken Eindruck und sicherte sich in allen Altersklassen hervorragende Platzierungen.
<br ><br ><br >
• Luisa Hieber erreichte bei den W11 einen herausragenden zweiten Platz.<br >
• Mats Bender belegte bei den M11 einen starken dritten Platz.<br >
• Nils Müller fehlte am Ende nur ein Punkt zum Podest – er wurde Vierter.<br >
• In der Mannschaftswertung W10/W11 belegte das Team mit Emilia Lang, Luisa Hieber, Lotta Wachendorfer und Luna Gerring einen tollen dritten Platz.
<br ><br ><br >
Ein herzliches Dankeschön geht an alle mitgereisten Eltern und Fans für ihre großartige Unterstützung!<br >

<br ><br >In Geislingen mit dabei waren:<br >
Emilia Lang, Luisa Hieber, Lotta Wachendorfer, Luna Gerring, Philine Maier, Tom Müller, Henri Ruf, Aulon Aliu, Matti Hees, Mats Bender und Nils Müller.</p> <a  class="button color1" href="https://www.leichtathletik-baltmannsweiler.de" target="_self" data-cp-link="1" data-icon="">Zurück</a></div> <div  class="col-sm-6" data-type="column"> <img  decoding="async" class="shadow-large" src="https://www.leichtathletik-baltmannsweiler.de/wp-content/uploads/2025/03/cropped-TeamTSVBGeislingen1.jpg" title="cropped-TeamTSVBGeislingen1.jpg" alt=""><img  decoding="async" class="custom-image" src="https://www.leichtathletik-baltmannsweiler.de/wp-content/uploads/2025/03/cropped-cropped-TeamTSVBGeislingen2.jpg" title="cropped-cropped-TeamTSVBGeislingen2.jpg" alt=""></div> </div></div> </div>

<p>TSV-Leichtathleten starten bei der Michelbergiade in Geislingen Am 23. März 2025 nahmen insgesamt elf Leichtathletinnen und Leichtathleten des TSV Baltmannsweiler an der Michelbergiade in Geislingen teil. Der Wettkampf, der von der LG Geislingen und dem Förderverein Filstal organisiert wurde, feierte in diesem Jahr sein 35-jähriges Jubiläum. Alle Athletinnen und Athleten absolvierten einen Hallenvierkampf, bestehend aus&hellip; <br /> <a class="read-more" href="https://www.leichtathletik-baltmannsweiler.de/?page_id=195">Read more</a></p>
