{"id":229,"date":"2025-03-29T18:35:46","date_gmt":"2025-03-29T18:35:46","guid":{"rendered":"https:\/\/www.leichtathletik-baltmannsweiler.de\/?page_id=229"},"modified":"2025-03-29T18:35:46","modified_gmt":"2025-03-29T18:35:46","slug":"hallenmeisterschaften-ulm-2025","status":"publish","type":"page","link":"https:\/\/www.leichtathletik-baltmannsweiler.de\/?page_id=229","title":{"rendered":"Hallenmeisterschaften Ulm 2025"},"content":{"rendered":"<div data-label=\"About\" data-id=\"about--1\" data-export-id=\"about-1\" data-category=\"about\" class=\"about-1 content-section\" id=\"about-1\"  style=\"background-color: rgb(255, 255, 255);\"><div class=\"gridContainer\" > <div class=\"row text-center\" ><div class=\"section-title-col\" data-type=\"column\" > <h5 class=\"\" >W\u00fcrttembergische Hallenmeisterschaften im Februar 2025 in Ulm<\/h5>  <p class=\"lead\" >Am 1. Februar 2025 machten sich die M\u00e4dels des TSV mit Ihrem Trainer Hermann \u201eJimmy\u201c Klein Ihren Fans auf den Weg zu den W\u00fcrttembergischen Hallenmeisterschaften nach Ulm. Aufgrund der Leistungen im Vorfeld konnten sich Livia und Lisa berechtigte Hoffnungen auf den einen oder anderen Titel machen.<br >\r\nGleich in der ersten Disziplin dem Mehrfachsprung (5-Sprung) zeigten die M\u00e4dels ihr ganzes Potenzial und belegten die ersten beiden Pl\u00e4tze. Siegerin wurde Lisa mit einer Weite von 16,06 m, Livia landete knapp dahinter bei 15,97 m.<br >\r\nMit dem ersten Titel im R\u00fccken ging es dann zum Kugelsto\u00dfen. Hier steigerte Lisa ihre pers\u00f6nliche Bestleistung auf sagenhafte 11,07 m. Leider reichte diese Weite knapp nicht zum Titel. Ihre Konkurrentin Nina Richter stie\u00df 4cm weiter.<br >\r\nF\u00fcr Livia ging es mit dem Vorlauf \u00fcber die 60m weiter. Souver\u00e4n qualifizierte sie sich f\u00fcr das A-Finale. Im Finale der besten 8 belegte sie mit hervorragenden 8,51 Sek. den 5. Platz.<br >\r\nBeim Weitsprung lief es leider nicht ganz so gut. Livia haderte mit dem Anlauf und hatte am Ende 3 Fehlversuche. Lisa belegte mit 4,50m einen guten 5. Platz.<br >\r\nIn der letzten Disziplin dem Hochsprung errangen die beiden M\u00e4dels noch einmal zwei Podestpl\u00e4tze. Lisa kam nicht ganz an ihre Bestleistung heran, gewann aber dennoch den W\u00fcrttembergischen Meistertitel mit \u00fcbersprungenen 1,54 m. Livia machte ebenfalls einen super Wettkampf und steigerte ihre pers\u00f6nliche Bestleitung auf 1,51 m und landete auf dem 3. Platz.<br >\r\nSo standen am Ende des Tages 2 W\u00fcrttembergische Meistertitel, 2 Vizemeistertitel, ein 3. Platz und weitere tolle Platzierungen. Ein sichtlich stolzer Trainer freute sich mit seinen M\u00e4dels.<br >\r\nWir gratulieren den M\u00e4dels und Ihrem Trainer zu den sensationellen Leistungen.<\/p><\/div> <\/div> <div class=\"row\" > <div class=\"button-holder space-bottom space-bottom-small\" data-type=\"column\" > <a class=\"button color1\" href=\"https:\/\/www.leichtathletik-baltmannsweiler.de\"  target=\"_self\" data-cp-link=\"1\" data-icon=\"\">Zur\u00fcck<\/a><\/div> <div class=\"col-xs bottom-xs flexbox image-group-bottom-3-img space-bottom-xs center-xs\" > <img decoding=\"async\" class=\"left-img shadow-large-black\" data-size=\"500x300\" src=\"https:\/\/www.leichtathletik-baltmannsweiler.de\/wp-content\/uploads\/2025\/03\/cropped-1x1-1.png\"  title=\"cropped-1x1-1.png\" alt=\"\"> <img decoding=\"async\" class=\"center-img shadow-large-black\" data-size=\"500x300\" src=\"https:\/\/www.leichtathletik-baltmannsweiler.de\/wp-content\/uploads\/2025\/03\/cropped-Ulm2025.jpg\"  title=\"cropped-Ulm2025.jpg\" alt=\"\"> <img decoding=\"async\" class=\"right-img shadow-large-black\" data-size=\"500x300\" src=\"https:\/\/www.leichtathletik-baltmannsweiler.de\/wp-content\/uploads\/2025\/03\/cropped-cropped-1x1-1.png\"  title=\"cropped-cropped-1x1-1.png\" alt=\"\"><\/div> <\/div><\/div> <\/div>","protected":false},"excerpt":{"rendered":"<p>W\u00fcrttembergische Hallenmeisterschaften im Februar 2025 in Ulm Am 1. Februar 2025 machten sich die M\u00e4dels des TSV mit Ihrem Trainer Hermann \u201eJimmy\u201c Klein Ihren Fans auf den Weg zu den W\u00fcrttembergischen Hallenmeisterschaften nach Ulm. Aufgrund der Leistungen im Vorfeld konnten sich Livia und Lisa berechtigte Hoffnungen auf den einen oder anderen Titel machen. Gleich in&hellip; <br \/> <a class=\"read-more\" href=\"https:\/\/www.leichtathletik-baltmannsweiler.de\/?page_id=229\">Read more<\/a><\/p>\n","protected":false},"author":1,"featured_media":0,"parent":0,"menu_order":0,"comment_status":"closed","ping_status":"closed","template":"pro\/page-templates\/full-width-page.php","meta":{"footnotes":""},"class_list":["post-229","page","type-page","status-publish","hentry"],"_links":{"self":[{"href":"https:\/\/www.leichtathletik-baltmannsweiler.de\/index.php?rest_route=\/wp\/v2\/pages\/229","targetHints":{"allow":["GET"]}}],"collection":[{"href":"https:\/\/www.leichtathletik-baltmannsweiler.de\/index.php?rest_route=\/wp\/v2\/pages"}],"about":[{"href":"https:\/\/www.leichtathletik-baltmannsweiler.de\/index.php?rest_route=\/wp\/v2\/types\/page"}],"author":[{"embeddable":true,"href":"https:\/\/www.leichtathletik-baltmannsweiler.de\/index.php?rest_route=\/wp\/v2\/users\/1"}],"replies":[{"embeddable":true,"href":"https:\/\/www.leichtathletik-baltmannsweiler.de\/index.php?rest_route=%2Fwp%2Fv2%2Fcomments&post=229"}],"version-history":[{"count":3,"href":"https:\/\/www.leichtathletik-baltmannsweiler.de\/index.php?rest_route=\/wp\/v2\/pages\/229\/revisions"}],"predecessor-version":[{"id":238,"href":"https:\/\/www.leichtathletik-baltmannsweiler.de\/index.php?rest_route=\/wp\/v2\/pages\/229\/revisions\/238"}],"wp:attachment":[{"href":"https:\/\/www.leichtathletik-baltmannsweiler.de\/index.php?rest_route=%2Fwp%2Fv2%2Fmedia&parent=229"}],"curies":[{"name":"wp","href":"https:\/\/api.w.org\/{rel}","templated":true}]}}

<div data-label="About" data-id="about--1" data-export-id="about-1" data-category="about" class="about-1 content-section" id="about-1"  style="background-color: rgb(255, 255, 255);"><div class="gridContainer" > <div class="row text-center" ><div class="section-title-col" data-type="column" > <h5 class="" >Württembergische Hallenmeisterschaften im Februar 2025 in Ulm</h5>  <p class="lead" >Am 1. Februar 2025 machten sich die Mädels des TSV mit Ihrem Trainer Hermann „Jimmy“ Klein Ihren Fans auf den Weg zu den Württembergischen Hallenmeisterschaften nach Ulm. Aufgrund der Leistungen im Vorfeld konnten sich Livia und Lisa berechtigte Hoffnungen auf den einen oder anderen Titel machen.<br >
Gleich in der ersten Disziplin dem Mehrfachsprung (5-Sprung) zeigten die Mädels ihr ganzes Potenzial und belegten die ersten beiden Plätze. Siegerin wurde Lisa mit einer Weite von 16,06 m, Livia landete knapp dahinter bei 15,97 m.<br >
Mit dem ersten Titel im Rücken ging es dann zum Kugelstoßen. Hier steigerte Lisa ihre persönliche Bestleistung auf sagenhafte 11,07 m. Leider reichte diese Weite knapp nicht zum Titel. Ihre Konkurrentin Nina Richter stieß 4cm weiter.<br >
Für Livia ging es mit dem Vorlauf über die 60m weiter. Souverän qualifizierte sie sich für das A-Finale. Im Finale der besten 8 belegte sie mit hervorragenden 8,51 Sek. den 5. Platz.<br >
Beim Weitsprung lief es leider nicht ganz so gut. Livia haderte mit dem Anlauf und hatte am Ende 3 Fehlversuche. Lisa belegte mit 4,50m einen guten 5. Platz.<br >
In der letzten Disziplin dem Hochsprung errangen die beiden Mädels noch einmal zwei Podestplätze. Lisa kam nicht ganz an ihre Bestleistung heran, gewann aber dennoch den Württembergischen Meistertitel mit übersprungenen 1,54 m. Livia machte ebenfalls einen super Wettkampf und steigerte ihre persönliche Bestleitung auf 1,51 m und landete auf dem 3. Platz.<br >
So standen am Ende des Tages 2 Württembergische Meistertitel, 2 Vizemeistertitel, ein 3. Platz und weitere tolle Platzierungen. Ein sichtlich stolzer Trainer freute sich mit seinen Mädels.<br >
Wir gratulieren den Mädels und Ihrem Trainer zu den sensationellen Leistungen.</p></div> </div> <div class="row" > <div class="button-holder space-bottom space-bottom-small" data-type="column" > <a class="button color1" href="https://www.leichtathletik-baltmannsweiler.de"  target="_self" data-cp-link="1" data-icon="">Zurück</a></div> <div class="col-xs bottom-xs flexbox image-group-bottom-3-img space-bottom-xs center-xs" > <img decoding="async" class="left-img shadow-large-black" data-size="500x300" src="https://www.leichtathletik-baltmannsweiler.de/wp-content/uploads/2025/03/cropped-1x1-1.png"  title="cropped-1x1-1.png" alt=""> <img decoding="async" class="center-img shadow-large-black" data-size="500x300" src="https://www.leichtathletik-baltmannsweiler.de/wp-content/uploads/2025/03/cropped-Ulm2025.jpg"  title="cropped-Ulm2025.jpg" alt=""> <img decoding="async" class="right-img shadow-large-black" data-size="500x300" src="https://www.leichtathletik-baltmannsweiler.de/wp-content/uploads/2025/03/cropped-cropped-1x1-1.png"  title="cropped-cropped-1x1-1.png" alt=""></div> </div></div> </div>

<p>Württembergische Hallenmeisterschaften im Februar 2025 in Ulm Am 1. Februar 2025 machten sich die Mädels des TSV mit Ihrem Trainer Hermann „Jimmy“ Klein Ihren Fans auf den Weg zu den Württembergischen Hallenmeisterschaften nach Ulm. Aufgrund der Leistungen im Vorfeld konnten sich Livia und Lisa berechtigte Hoffnungen auf den einen oder anderen Titel machen. Gleich in&hellip; <br /> <a class="read-more" href="https://www.leichtathletik-baltmannsweiler.de/?page_id=229">Read more</a></p>
